2002022 - -10?
-12002012
In base 11, what is 4123 + -1?
4122
In base 9, what is -3 - 626?
-630
In base 8, what is -27 + -1?
-30
In base 3, what is 2000 - -100?
2100
In base 9, what is -138 - -23?
-115
In base 3, what is 2212 - -1?
2220
In base 11, what is -9 - -4?
-5
In base 6, what is -13 - -144?
131
In base 12, what is 3a7 + -5?
3a2
In base 4, what is -202 + 11001?
10133
In base 6, what is 121 - -11?
132
In base 13, what is 77 + -53?
24
In base 5, what is 1 - -12430?
12431
In base 15, what is 7c + -e?
6d
In base 10, what is 37 - -7?
44
In base 5, what is 20 - -22?
42
In base 14, what is 2 + -586?
-584
In base 8, what is -177 + 0?
-177
In base 7, what is 461 - 4?
454
In base 5, what is 1304404 - -4?
1304413
In base 9, what is 204 - 24?
170
In base 3, what is -1121 - -21011?
12120
In base 7, what is 40 - -5?
45
In base 11, what is 18 - 1?
17
In base 13, what is 1 + 650?
651
In base 16, what is 520 + -4?
51c
In base 12, what is 15 - -5?
1a
In base 2, what is -11111 - 1?
-100000
In base 2, what is 1111001010 + -10?
1111001000
In base 13, what is 10 - -49?
59
In base 2, what is -101111 - -100001?
-1110
In base 13, what is bc - 5?
b7
In base 2, what is 111011 - -11?
111110
In base 16, what is -1 + -1ba?
-1bb
In base 10, what is -16584 - -2?
-16582
In base 6, what is 1 + -10?
-5
In base 9, what is -80 - -3?
-76
In base 3, what is -2012 + -20010?
-22022
In base 7, what is -1615 - -6?
-1606
In base 4, what is -11 + -110212?
-110223
In base 5, what is 203 + 21?
224
In base 11, what is -27 + -3?
-2a
In base 11, what is -4314 + 1?
-4313
In base 13, what is 8 - -111?
119
In base 15, what is 3 + 68?
6b
In base 15, what is 1 - -39d?
39e
In base 7, what is 1 - 155?
-154
In base 7, what is 12042 - 0?
12042
In base 5, what is 10 + -1020?
-1010
In base 12, what is 10486 - -3?
10489
In base 12, what is 1 - 39?
-38
In base 4, what is -11 - 313323?
-320000
In base 6, what is 1403 + -3?
1400
In base 10, what is -624 - 2?
-626
In base 7, what is -1231 - 11?
-1242
In base 12, what is -4710 + 5?
-4707
In base 8, what is -5 + -12?
-17
In base 13, what is 2b - 5?
26
In base 8, what is -5353 - -5?
-5346
In base 2, what is 10010111 + 111100?
11010011
In base 9, what is 4 + -581?
-576
In base 4, what is 1 + 12120?
12121
In base 4, what is 11 - -12231?
12302
In base 7, what is -10240 + -3?
-10243
In base 11, what is 419 + -1?
418
In base 5, what is 20023 - 32?
14441
In base 10, what is -52 + -6?
-58
In base 15, what is 5 - 55a?
-555
In base 14, what is -4 - -30?
2a
In base 2, what is 11 - 1000101?
-1000010
In base 14, what is 5 + 22c?
233
In base 2, what is -11110111101 + -11?
-11111000000
In base 15, what is -2 - c5?
-c7
In base 6, what is -112 - -102?
-10
In base 9, what is 164 + -1?
163
In base 10, what is -494 - 0?
-494
In base 13, what is -1688 - -5?
-1683
In base 2, what is 110 - 11?
11
In base 10, what is -1 + -1768?
-1769
In base 5, what is -444 + 20?
-424
In base 10, what is 344 - -2?
346
In base 2, what is 101011101 + -101?
101011000
In base 8, what is 5 - 22?
-15
In base 8, what is 14662 - 1?
14661
In base 16, what is -d - -1b?
e
In base 6, what is -3 - -53310?
53303
In base 4, what is -110310 - -2?
-110302
In base 13, what is 749 - -2?
74b
In base 4, what is -13 - 3?
-22
In base 11, what is 1 - 9?
-8
In base 4, what is 2 + 10313?
10321
In base 7, what is 3 - 256?
-253
In base 4, what is 3 + 10213?
10222
In base 8, what is 4127 + -3?
4124
In base 15, what is -8 - 1d?
-26
In base 6, what is 14 - 41?
-23
In base 4, what is -11 + -110312?
-110323
In base 4, what is 20 + 1113?
1133
In base 11, what is -28341 + -1?
-28342
In base 4, what is 0 - -23?
23
In base 12, what is -323 + 16?
-309
In base 10, what is 1 + -69?
-68
In base 7, what is 453 - -11?
464
In base 2, what is -1101100 + -1?
-1101101
In base 8, what is 4 + 364?
370
In base 13, what is -119 - 52?
-16b
In base 7, what is -200 + -3?
-203
In base 2, what is 11 - 1011110?
-1011011
In base 5, what is -10 + 32023?
32013
In base 2, what is 1000011 - 100?
111111
In base 6, what is 133 + -154?
-21
In base 4, what is -2 - 1201330?
-1201332
In base 16, what is 135 - -5?
13a
In base 15, what is -17 + -154?
-16b
In base 16, what is 6 + -1ab?
-1a5
In base 9, what is -8 - -8?
0
In base 14, what is -12 + c0?
ac
In base 7, what is -152 + 0?
-152
In base 12, what is 5 - 1603?
-15ba
In base 9, what is 670 - -16?
686
In base 12, what is 842 + 3?
845
In base 14, what is 10 - 339?
-329
In base 5, what is 4013 - -4?
4022
In base 14, what is 0 - -318?
318
In base 2, what is 1 - -110000?
110001
In base 13, what is -180 + 3?
-17a
In base 8, what is 24327 + 0?
24327
In base 5, what is -3 - -122?
114
In base 6, what is -22511 + 5?
-22502
In base 5, what is 3 + 204?
212
In base 16, what is -529 + -4?
-52d
In base 16, what is 7f + -20?
5f
In base 6, what is 4303 - -30?
4333
In base 9, what is -2 - 85?
-87
In base 9, what is -3 - -604?
601
In base 9, what is 0 - 53?
-53
In base 10, what is -2 - 59?
-61
In base 15, what is -5 - -1d1?
1cb
In base 3, what is -111111 - -1202?
-102202
In base 14, what is -16 - 0?
-16
In base 7, what is 22354 + 1?
22355
In base 7, what is -4 - 3312?
-3316
In base 11, what is -3 + 192?
18a
In base 3, what is 11 - 2201?
-2120
In base 8, what is 304 - -1?
305
In base 3, what is -2 + 21200122?
21200120
In base 10, what is 27131 - -2?
27133
In base 11, what is -302 - 3?
-305
In base 7, what is -6 - 24?
-33
In base 10, what is 9 + -86?
-77
In base 10, what is 1 - 260?
-259
In base 9, what is 58 - 34?
24
In base 13, what is 160 + -3?
15a
In base 15, what is 12 + -23?
-11
In base 15, what is -5 - -1b6b?
1b66
In base 13, what is 2 + 113?
115
In base 2, what is 1110 + -111?
111
In base 11, what is -14 + 135?
121
In base 15, what is 237 - -2?
239
In base 2, what is -111110 + -1111011?
-10111001
In base 12, what is -5 + 1b40?
1b37
In base 3, what is 2 - -1002100?
1002102
In base 4, what is 2200230 - 11?
2200213
In base 4, what is -1200 - -33?
-1101
In base 11, what is -3 - 46a?
-472
In base 5, what is -211423 + -10?
-211433
In base 7, what is -254 + -11?
-265
In base 2, what is -101 - -1000001?
111100
In base 8, what is 7 + -4?
3
In base 16, what is -4 - -70?
6c
In base 16, what is 6 + -bd?
-b7
In base 9, what is -2 + 78?
76
In base 11, what is 2 + 53?
55
In base 5, what is 0 + -20333?
-20333
In base 6, what is 1 - 1321?
-1320
In base 15, what is -b + -1c?
-28
In base 2, what is 1110101001 + 11?
1110101100
In base 10, what is 5 - -98?
103
In base 15, what is -e0 + 1d?
-c2
In base 2, what is 11 - 101100101?
-101100010
In base 3, what is -10 - 21200?
-21210
In base 7, what is -42 - -556?
514
In base 4, what is 11011 - 300?
10111
In base 15, what is -4 + 4?
0
In base 7, what is -4 + 14100?
14063
In base 3, what is 100 - -101?
201
In base 13, what is 2 - 47?
-45
In base 7, what is -2 - 6366?
-6401
In base 3, what is -2 - -100210?
100201
In base 13, what is 7 + -34c?
-345
In base 14, what is -1 + a?
9
In base 6, what is -3 - 525?
-532
In base 3, what is 1 - -2012122?
2012200
In base 12, what is 24 + 40?
64
In base 5, what is -231 - 20?
-301
In base 11, what is 63a + 10?
64a
In base 6, what is 110 + -33?
33
In base 8, what is 3 + -12243?
-12240
In base 2, what is 11100 + 11101?
111001
In base 13, what is 3 + 71?
74
In base 5, what is -2342 - 4?
-2401
In base 6, what is -30 + -234?
-304
In base 15, what is 12a - -2?
12c
In base 15, what is -6b4 - -6?
-6ad
In base 6, what is -20003 - -2?
-20001
In base 3, what is 2 + -100221?
-100212
In base 7, what is -60 + 151?
61
In base 4, what is -313 + -212?
-1131
In base 8, what is -604 + 1?
-603
In base 3, what is 11 - -12110?
12121
In base 15, what is -3 + 49?
46
In base 4, what is 3 + 121202?
121211
In base 9, what is -813 - 1?
-814
In base 11, what is 2 + 36?
38
In base 10, what is 515 - -3?
518
In base 13, what is -5 + -6a3?
-6a8
In base 4, what is -100 - -21?
-13
In base 8, what is 0 + -1020?
-1020
In base 6, what is -4454 - -10?
-4444
In base 11, what is -91 + 13?
-79
In base 3, what is 0 - -1101?
1101
In base 7, what is -665 - 14?
-1012
In base 8, what is -57 + 17?
-40
In base 15, what is -49 + 21?
-28
In base 13, what is 4 - -24?
28
In base 7, what is -1 - -43?
42
In base 8, what is -4 - 51?
-55
In base 9, what is 756 + 10?
766
In base 15, what is 3 - -9e9?
9ec
In base 4, wh